{"id":692,"date":"2023-04-28T05:30:15","date_gmt":"2023-04-28T05:30:15","guid":{"rendered":"https:\/\/condescending-kare.82-220-38-86.plesk.page\/?page_id=692"},"modified":"2025-11-18T19:42:36","modified_gmt":"2025-11-18T19:42:36","slug":"felsenkeller","status":"publish","type":"page","link":"https:\/\/roeglsperger.com\/?page_id=692","title":{"rendered":"Heuriger"},"content":{"rendered":"\n<div style=\"height:10px\" aria-hidden=\"true\" class=\"wp-block-spacer\"><\/div>\n\n\n\n<section id=\"gm5c004c8\" class=\"wp-block-gutentor-m3 section-gm5c004c8 gutentor-module gutentor-container-cover has-image-bg has-custom-bg has-gutentor-overlay g-valign-c-mobile g-valign-c-tablet g-valign-c-desktop\"><div class=\"grid-container\"><div class=\"wp-block-image\">\n<figure class=\"aligncenter size-large is-resized\"><img loading=\"lazy\" decoding=\"async\" width=\"1024\" height=\"662\" src=\"https:\/\/roeglsperger.com\/\/wp-content\/uploads\/2023\/04\/rrlogowhtie-1024x662.png\" alt=\"\" class=\"wp-image-610\" style=\"width:513px;height:332px\" srcset=\"https:\/\/roeglsperger.com\/wp-content\/uploads\/2023\/04\/rrlogowhtie-1024x662.png 1024w, https:\/\/roeglsperger.com\/wp-content\/uploads\/2023\/04\/rrlogowhtie-300x194.png 300w, https:\/\/roeglsperger.com\/wp-content\/uploads\/2023\/04\/rrlogowhtie-768x497.png 768w, https:\/\/roeglsperger.com\/wp-content\/uploads\/2023\/04\/rrlogowhtie.png 1469w\" sizes=\"auto, (max-width: 1024px) 100vw, 1024px\" \/><\/figure>\n<\/div><\/div><\/section>\n\n\n\n<div style=\"height:10px\" aria-hidden=\"true\" class=\"wp-block-spacer\"><\/div>\n\n\n\n<section id=\"gm64c060f\" class=\"wp-block-gutentor-m3 section-gm64c060f gutentor-module gutentor-container-cover has-image-bg has-custom-bg has-gutentor-overlay\"><div class=\"grid-container\">\n<div style=\"height:56px\" aria-hidden=\"true\" id=\"wirkung\" class=\"wp-block-spacer\"><\/div>\n\n\n\n<h2 class=\"wp-block-heading has-nv-text-dark-bg-color has-text-color\">Der Felsenkeller Z\u00f6bing<\/h2>\n\n\n\n<p class=\"has-nv-text-dark-bg-color has-text-color\">Unser uriges Heurigenlokal \u201eZ\u00f6binger Felsenkeller\u201c (gibt es schon seit 1961) und &nbsp;befindet sich direkt an der B34 \u2013 ca. 200m ausserhalb von Z\u00f6bing \u2013 Richtung Gars\/Kamp. Beliebt ist unser Heuriger wegen unserer Weine, den selbstgemachten Speisen nach alten Rezepten und dem t\u00e4glich selbstgebackenem Brot. Wir bieten Platz f\u00fcr ca. 90 Personen und an lauen Sommerabenden k\u00f6nnen Sie von der Terrasse aus, den Blick zum Kamp und die Weing\u00e4rten geniessen.<\/p>\n\n\n\n<h2 class=\"wp-block-heading has-text-align-center has-nv-text-dark-bg-color has-text-color has-link-color wp-elements-8e73d7511228cb398958164c5d785da7\">Unsere Heurigentermine 2026<\/h2>\n\n\n\n<p class=\"has-text-align-center has-nv-text-dark-bg-color has-text-color has-link-color wp-elements-c8c38cda870de40d071d21e0176bb58c\" style=\"font-size:21px\">19.01. \u2013 26.01.2026<br>13.04. \u2013 20.04.2026<br>29.06. \u2013 06.07.2026<br>31.08. \u2013 07.09.2026<br>26.10. \u2013 02.11.2026<\/p>\n\n\n\n<p>t\u00e4<\/p>\n\n\n\n<p>t<\/p>\n\n\n\n<div style=\"height:25px\" aria-hidden=\"true\" class=\"wp-block-spacer\"><\/div>\n<\/div><\/section>\n\n\n\n<div style=\"height:10px\" aria-hidden=\"true\" class=\"wp-block-spacer\"><\/div>\n\n\n\n<section id=\"gm8806efa\" class=\"wp-block-gutentor-m3 section-gm8806efa gutentor-module gutentor-container-cover has-image-bg has-custom-bg has-gutentor-overlay g-valign-c-mobile g-valign-c-tablet g-valign-c-desktop\"><div class=\"grid-container\"><\/div><\/section>\n","protected":false},"excerpt":{"rendered":"","protected":false},"author":1,"featured_media":0,"parent":0,"menu_order":0,"comment_status":"closed","ping_status":"closed","template":"","meta":{"_coblocks_attr":"","_coblocks_dimensions":"","_coblocks_responsive_height":"","_coblocks_accordion_ie_support":"","_uag_custom_page_level_css":"","neve_meta_sidebar":"","neve_meta_container":"full-width","neve_meta_enable_content_width":"","neve_meta_content_width":0,"neve_meta_title_alignment":"","neve_meta_author_avatar":"","neve_post_elements_order":"","neve_meta_disable_header":"","neve_meta_disable_footer":"","neve_meta_disable_title":"on","_themeisle_gutenberg_block_has_review":false,"footnotes":""},"class_list":["post-692","page","type-page","status-publish","hentry"],"uagb_featured_image_src":{"full":false,"thumbnail":false,"medium":false,"medium_large":false,"large":false,"1536x1536":false,"2048x2048":false,"neve-blog":false},"uagb_author_info":{"display_name":"admin","author_link":"https:\/\/roeglsperger.com\/?author=1"},"uagb_comment_info":0,"uagb_excerpt":null,"_links":{"self":[{"href":"https:\/\/roeglsperger.com\/index.php?rest_route=\/wp\/v2\/pages\/692","targetHints":{"allow":["GET"]}}],"collection":[{"href":"https:\/\/roeglsperger.com\/index.php?rest_route=\/wp\/v2\/pages"}],"about":[{"href":"https:\/\/roeglsperger.com\/index.php?rest_route=\/wp\/v2\/types\/page"}],"author":[{"embeddable":true,"href":"https:\/\/roeglsperger.com\/index.php?rest_route=\/wp\/v2\/users\/1"}],"replies":[{"embeddable":true,"href":"https:\/\/roeglsperger.com\/index.php?rest_route=%2Fwp%2Fv2%2Fcomments&post=692"}],"version-history":[{"count":10,"href":"https:\/\/roeglsperger.com\/index.php?rest_route=\/wp\/v2\/pages\/692\/revisions"}],"predecessor-version":[{"id":811,"href":"https:\/\/roeglsperger.com\/index.php?rest_route=\/wp\/v2\/pages\/692\/revisions\/811"}],"wp:attachment":[{"href":"https:\/\/roeglsperger.com\/index.php?rest_route=%2Fwp%2Fv2%2Fmedia&parent=692"}],"curies":[{"name":"wp","href":"https:\/\/api.w.org\/{rel}","templated":true}]}}